mmon divisor of 8 and y.
8
Let f = 81 - 80. Calculate the greatest common factor of f and 9.
1
Let q(b) = b**2 - 8*b - 2. Let k be q(9). Let n(d) = 0*d**3 + 2*d**3 - d**3 + 3*d - 7*d**2 - 2. Let j be n(k). What is the greatest common divisor of 76 and j?
19
Let t(a) = -a**3 + 31*a**2 + a - 17. Let q be t(31). Calculate the greatest common factor of q and 56.
14
Let k = 14 - -1. What is the highest common factor of 45 and k?
15
Suppose 0 = 2*d + 7*d - 819. What is the highest common factor of d and 13?
13
Let c = 4 + -5. Let q(x) = 3*x**2 + 2*x + 1. Let s be q(c). Suppose 4*a - 7*w = -2*w + 15, s*a - 45 = -5*w. What is the highest common factor of 70 and a?
10
Let w be (-2 + 2)/((-2)/(-2)). Suppose w*h + 5*z - 1 = -h, -4*z = 4*h - 20. Calculate the highest common divisor of 3 and h.
3
Let u(f) = -f**2 + 15*f + 5. Let w be u(12). What is the highest common factor of w and 451?
41
Let p be -1 - -4*(-41)/(-2). Calculate the highest common factor of p and 9.
9
Let t be 3/9 - 350/(-3). Suppose -2*n + t = n. Suppose -9*r + 4*s = -13*r + 44, 4*r - 42 = -5*s. What is the highest common factor of r and n?
13
Let n be -1 - (-34 + (-1)/(-1)). Suppose 0 = 4*k + 12*k - 64. What is the highest common factor of k and n?
4
Let b(r) = r**3 - 8*r**2 + 7*r + 1. Let c = 10 - 3. Let m be b(c). Calculate the highest common factor of 11 and m.
1
Let i(h) = h**2 - 14*h - 7. Let m be i(17). Calculate the highest common divisor of 66 and m.
22
Let v(k) = -k**2 - 8*k - 7. Let a be v(-6). Let z be -1 - a/(5/(-6)). Suppose 4*c = 2*c + 50. Calculate the greatest common factor of c and z.
5
Let f(j) = -j**2 - 9*j - 10. Let c be f(-8). Let x(r) = 3*r**2 + r + 1. Let l be x(c). What is the highest common divisor of l and 66?
11
Let l be 1/(-2)*3*-32. What is the greatest common divisor of 24 and l?
24
Let i = 269 - 82. Let x(v) = -v**2 - v + 17. Let g be x(0). Calculate the highest common factor of i and g.
17
Let v be 0 + 87 + -9 + 5. Let s = -55 + v. Calculate the highest common divisor of s and 7.
7
Let w = 7 + -7. Suppose -12 = -w*v + 2*v. Let x = v - -15. Calculate the highest common factor of 72 and x.
9
Let q = -165 - -231. Suppose -k = -v + 6*v - 341, -q = -v + 2*k. Suppose -v = -s - s. What is the highest common divisor of s and 85?
17
Let y = -54 - -58. Suppose -3*o = -3 + 6. Let i = y - o. Calculate the highest common divisor of 55 and i.
5
Suppose 0 = 4*m - m - 24. Let l be 4*(0 + 8)/(-2). Let i be l/((-3)/(-30)*-4). Calculate the highest common divisor of m and i.
8
Let l = 4 - 2. Let m be -6*2/(-6)*l. What is the highest common factor of 4 and m?
4
Suppose 3*n + 45 = 6*n. Suppose -614 - 28 = -3*j. Let h be (-3)/(-6)*j - 2. Calculate the highest common divisor of h and n.
15
Let h be (-3)/2*48/(-1). Let n = -74 - -121. Suppose 5*t - 3*r - 5 = n, 0 = 4*t + 2*r - 24. What is the highest common factor of h and t?
8
Let p(y) = -21*y**3 + 1. Let z be p(-1). Let k be (-176)/(-10)*5/1. What is the highest common factor of k and z?
22
Suppose -7 + 175 = p. What is the highest common divisor of p and 42?
42
Suppose -4*y = -68 - 4. Let q(h) = -h**3 + 2*h**2 + 3*h. Let b be q(-3). Calculate the highest common divisor of y and b.
18
Let x = -53 - -57. What is the greatest common factor of 108 and x?
4
Let q = 7 + 0. Let k(v) = -v**3 - 7*v**2 - 8*v - 5. Let m be k(-6). Calculate the greatest common divisor of q and m.
7
Suppose -336 = 11*t - 25*t. What is the highest common divisor of 336 and t?
24
Let v(o) be the second derivative of -o**5/20 - 5*o**4/12 - o**3/3 - 7*o**2/2 + o. Let j be v(-5). Let x = j - 2. What is the greatest common factor of x and 2?
1
Suppose -4*w + 3 = -3*w, -w + 503 = 5*l. Calculate the greatest common divisor of 40 and l.
20
Let f(o) = o - 12. Let m be f(0). Let x = m + 22. Let l = -20 + 21. What is the highest common divisor of x and l?
1
Suppose 5*s + 413 = 78. Let o = -27 - s. Calculate the highest common factor of 10 and o.
10
Let f be 2/((48/9)/8). Let d be (-2)/(-3) - (-2266)/3. Let b be (f/6)/(2/d). Calculate the highest common factor of 27 and b.
27
Let u(i) = -1 + 6*i + 3*i**2 - i**2 - i**2. Let v be u(-7). What is the greatest common factor of 12 and v?
6
Let w = -32 - -48. Calculate the highest common divisor of 48 and w.
16
Let q(m) = 19*m - 12 + 6 - 10. Let z be q(13). What is the greatest common factor of z and 21?
21
Let l = 52 + -4. What is the highest common divisor of 60 and l?
12
Let a = 40 - 24. Let y = 25 - a. What is the highest common factor of 6 and y?
3
Suppose 12 = -2*f + 4*s, 2*f = -s + 6 + 2. Let y be 1*(5 - 12/4). Suppose -g + f + y = 0. Calculate the highest common divisor of 44 and g.
4
Let y(i) = -i**3 - 7*i**2 + 7*i - 10. Let l be y(-8). Let s = 17 + l. Calculate the greatest common divisor of 30 and s.
15
Let b(a) = a**2 - 5*a + 10. Let z be b(7). What is the greatest common divisor of 36 and z?
12
Let j be ((-50)/4 + 1)/((-1)/2). Calculate the highest common divisor of 46 and j.
23
Suppose 4*q - 1281 = -5*i, -i - 2*i = -q + 316. What is the greatest common factor of q and 29?
29
Suppose 4*p + 1001 = 5*c + 306, 2*p = -10. What is the highest common divisor of c and 15?
15
Let s = 21 + -17. Calculate the highest common divisor of s and 14.
2
Let o(l) = -4*l + 5. Let k be o(-4). Calculate the highest common divisor of k and 189.
21
Let b = -5 - -4. Let d be b + 3 + 1 - -29. What is the highest common divisor of 8 and d?
8
Let f = -20 - -32. What is the greatest common factor of f and 4?
4
Suppose 12 = -3*z + 4*p + 24, 0 = 2*z + 2*p - 8. Calculate the greatest common factor of z and 4.
4
Suppose 33 = -3*y + 4*y. Suppose -2*s = -0*s - 22. What is the greatest common divisor of s and y?
11
Let a(d) = -d**3 - 11*d**2 - 11*d + 3. Let s be a(-10). What is the highest common factor of s and 91?
13
Let y(w) = -3*w. Let j be y(-2). Suppose 2*d = -d + j. Let c(f) = f + 2. Let q be c(d). What is the greatest common factor of q and 36?
4
Let u be (4 + 2)/(12/8). Suppose b - 5 = f, b + u*f = -0*f. Suppose 5*w + b*n = 208, -2*w + 45 = -n - 33. What is the greatest common factor of 16 and w?
8
Let q be (6/4)/(33/110). Calculate the highest common divisor of 40 and q.
5
Suppose 2*i - 77 = -3*h - 2*i, 2*h + 3*i - 51 = 0. Calculate the highest common factor of 54 and h.
27
Let t be 9 + -3 + 0 + 1. Calculate the greatest common divisor of 21 and t.
7
Suppose -2*t = -6*t + 28. Calculate the highest common divisor of t and 14.
7
Let j(a) = -a**3 - a**2 + a + 16. Let y be j(0). Let x = 169 - 57. Calculate the highest common divisor of x and y.
16
Let s = -169 - -269. Calculate the greatest common factor of s and 25.
25
Let o = -83 - -134. Calculate the highest common factor of 34 and o.
17
Let f be 5 + -6 - 11/(-1). Suppose -3*m = -5*m + f. Suppose -4*a = -m*s - 0*a + 817, s + a - 167 = 0. What is the highest common factor of 15 and s?
15
Let w = -3 - -11. Let l = w - 6. Suppose 0 = -3*x - 3*t, -2*t = 3 + 1. Calculate the greatest common divisor of x and l.
2
Suppose 0 = 5*u + 77 - 1067. What is the highest common divisor of 18 and u?
18
Suppose 3*a - 15 = 15. Calculate the highest common divisor of 15 and a.
5
Let x be 2*17 + 0 + -1. Suppose 4*w + 2*o - 10 = 0, -2*o - x = -5*w - 7. Let v = w - 1. Calculate the greatest common factor of 2 and v.
1
Suppose 0 = s - 2*s + 3*n, 3*n = -4*s + 60. What is the greatest common factor of 36 and s?
12
Let m(f) = f**2 - 5*f + 2. Let r be m(5). Let z = -41 - -43. Let d be ((-2)/r - z) + 68. Calculate the highest common divisor of d and 13.
13
Let t(m) = 59*m - 30. Let n be t(3). What is the greatest common factor of n and 21?
21
Suppose -15 = 4*y - 55. Calculate the greatest common divisor of 50 and y.
10
Let h be ((-4)/(-5))/((28/40)/7). Let s be (-1)/((-1)/16)*2. What is the highest common divisor of h and s?
8
Suppose -3*t - 9 = -81. Calculate the greatest common factor of 192 and t.
24
Suppose -3*h = -h - 350. Let q = h - 106. Calculate the highest common factor of 46 and q.
23
Let x be (-6)/27 - 137/(-9). Calculate the highest common factor of 60 and x.
15
Let x(g) = 3*g**2 + 2*g. Let i be x(2). Calculate the highest common factor of i and 8.
8
Let q be (-7)/(28/16) + 140. What is the greatest common factor of q and 17?
17
Suppose 2 = -2*t + 3*t. Let s be t/4 - (-110)/4. Calculate the greatest